 digit of 563613345?
6
What is the units digit of 1875604197?
7
What is the ten thousands digit of 3319353073?
5
What is the hundreds digit of 39399687?
6
What is the units digit of 3027726?
6
What is the thousands digit of 197375571?
5
What is the ten thousands digit of 3687466?
8
What is the hundred thousands digit of 457708374?
7
What is the hundred millions digit of 4517525361?
5
What is the hundred thousands digit of 2741800066?
8
What is the hundreds digit of 1368100719?
7
What is the thousands digit of 1383211565?
1
What is the ten thousands digit of 1127205?
2
What is the tens digit of 70727474?
7
What is the units digit of 1300342078?
8
What is the ten thousands digit of 112782877?
8
What is the units digit of 4567211502?
2
What is the ten thousands digit of 2406838190?
3
What is the ten millions digit of 902664298?
0
What is the units digit of 79893474?
4
What is the tens digit of 911740224?
2
What is the millions digit of 283266158?
3
What is the millions digit of 775718187?
5
What is the thousands digit of 972160383?
0
What is the millions digit of 194464592?
4
What is the hundreds digit of 819050893?
8
What is the thousands digit of 180085209?
5
What is the ten thousands digit of 47883311?
8
What is the hundreds digit of 58724861?
8
What is the thousands digit of 53109737?
9
What is the ten thousands digit of 5416120418?
2
What is the ten millions digit of 103373074?
0
What is the units digit of 237149999?
9
What is the ten thousands digit of 2912119441?
1
What is the hundreds digit of 185206600?
6
What is the tens digit of 22472129?
2
What is the millions digit of 394989490?
4
What is the thousands digit of 142433644?
3
What is the thousands digit of 8703468?
3
What is the thousands digit of 88565014?
5
What is the ten millions digit of 53163774?
5
What is the ten thousands digit of 36682962?
8
What is the tens digit of 1253320884?
8
What is the ten thousands digit of 451118595?
1
What is the units digit of 205048222?
2
What is the hundred millions digit of 522698151?
5
What is the thousands digit of 3857976865?
6
What is the millions digit of 97145765?
7
What is the hundreds digit of 873422514?
5
What is the thousands digit of 30105843?
5
What is the thousands digit of 24437454?
7
What is the hundred millions digit of 2983844813?
9
What is the thousands digit of 1112920696?
0
What is the hundred millions digit of 257853116?
2
What is the hundred millions digit of 474004751?
4
What is the hundreds digit of 89381196?
1
What is the hundred thousands digit of 49661842?
6
What is the millions digit of 227299192?
7
What is the millions digit of 49703973?
9
What is the hundred thousands digit of 69622596?
6
What is the units digit of 11217081?
1
What is the hundred millions digit of 305198411?
3
What is the ten thousands digit of 5107717591?
1
What is the ten millions digit of 4596905208?
9
What is the thousands digit of 1680002512?
2
What is the millions digit of 191480336?
1
What is the ten thousands digit of 642426085?
2
What is the hundred thousands digit of 99300369?
3
What is the hundreds digit of 32522866?
8
What is the thousands digit of 9415000?
5
What is the ten thousands digit of 4963543359?
4
What is the hundred thousands digit of 409590736?
5
What is the hundred thousands digit of 364407238?
4
What is the hundreds digit of 3522861507?
5
What is the ten millions digit of 17892358?
1
What is the ten millions digit of 2029640215?
2
What is the hundred millions digit of 2139955708?
1
What is the ten millions digit of 391419735?
9
What is the thousands digit of 554210869?
0
What is the units digit of 945230823?
3
What is the thousands digit of 3639909?
9
What is the hundreds digit of 12352350?
3
What is the hundreds digit of 50665770?
7
What is the ten millions digit of 353957040?
5
What is the hundred thousands digit of 25711894?
7
What is the hundreds digit of 182092759?
7
What is the ten millions digit of 170983854?
7
What is the hundreds digit of 98783028?
0
What is the tens digit of 6219114248?
4
What is the millions digit of 833465158?
3
What is the hundred thousands digit of 857976375?
9
What is the ten thousands digit of 5659641?
5
What is the ten thousands digit of 83463872?
6
What is the ten thousands digit of 323363667?
6
What is the thousands digit of 907506854?
6
What is the tens digit of 43437600?
0
What is the thousands digit of 1659556107?
6
What is the tens digit of 1484721865?
6
What is the hundreds digit of 19551308?
3
What is the hundred millions digit of 375758857?
3
What is the hundred millions digit of 461756416?
4
What is the millions digit of 1236606964?
6
What is the units digit of 95884459?
9
What is the tens digit of 1308870408?
0
What is the units digit of 117573185?
5
What is the hundred thousands digit of 1324446314?
4
What is the hundreds digit of 4595850863?
8
What is the ten thousands digit of 486770516?
7
What is the hundred millions digit of 1737952463?
7
What is the hundred thousands digit of 6858039895?
0
What is the millions digit of 9294024?
9
What is the units digit of 81605245?
5
What is the hundreds digit of 74458904?
9
What is the hundred millions digit of 2486066617?
4
What is the hundred thousands digit of 1932954?
9
What is the millions digit of 2554244134?
4
What is the hundred thousands digit of 4645776631?
7
What is the units digit of 217970501?
1
What is the ten thousands digit of 164974197?
7
What is the units digit of 888372447?
7
What is the tens digit of 244093542?
4
What is the hundred thousands digit of 628002969?
0
What is the ten millions digit of 175268384?
7
What is the ten thousands digit of 635360271?
6
What is the thousands digit of 67015517?
5
What is the ten thousands digit of 463242591?
4
What is the ten millions digit of 11126595?
1
What is the hundred millions digit of 1174716517?
1
What is the billions digit of 1088647377?
1
What is the units digit of 1228067204?
4
What is the hundred millions digit of 1055992867?
0
What is the thousands digit of 989847875?
7
What is the units digit of 941194743?
3
What is the ten thousands digit of 34360429?
6
What is the hundred thousands digit of 367829608?
8
What is the units digit of 195014883?
3
What is the hundred thousands digit of 908031373?
0
What is the tens digit of 539872473?
7
What is the thousands digit of 4367704592?
4
What is the tens digit of 250328184?
8
What is the millions digit of 64994973?
4
What is the thousands digit of 2521342663?
2
What is the hundreds digit of 1380592157?
1
What is the thousands digit of 388484542?
4
What is the hundreds digit of 61640099?
0
What is the units digit of 1746766000?
0
What is the tens digit of 444150590?
9
What is the ten millions digit of 32477104?
3
What is the millions digit of 8834865?
8
What is the hundreds digit of 929345379?
3
What is the ten thousands digit of 31016826?
1
What is the ten thousands digit of 13824851?
2
What is the thousands digit of 1435403813?
3
What is the hundred thousands digit of 163114344?
1
What is the tens digit of 53718496?
9
What is the thousands digit of 8331767042?
7
What is the ten thousands digit of 27246796?
4
What is the ten thousands digit of 1560668886?
6
What is the millions digit of 1433507808?
3
What is the ten millions digit of 421488709?
2
What is the ten thousands digit of 24985598?
8
What is the hundred millions digit of 808212799?
8
What is the hundreds digit of 28991271?
2
What is the hundreds digit of 5025487176?
1
What is the ten millions digit of 483307505?
8
What is the hundred thousands digit of 541781178?
7
What is the hundreds digit of 737805218?
2
What is the units digit of 1343264929?
9
What is the ten thousands digit of 33520848?
2
What is the tens digit of 103575605?
0
What is the ten millions digit of 39647272?
3
What is the millions digit of 7499038?
7
What is the units digit of 29294709?
9
What is the ten thousands digit of 489353448?
5
What is the tens digit of 278847357?
5
What is the millions digit of 319315292?
9
What is the ten thousands digit of 478492742?
9
What is the hundreds digit of 818201092?
0
What is the hundreds digit of 127611847?
8
What is the hundred thousands digit of 254339930?
3
What is the ten thousands digit of 2131138?
3
What is the millions digit of 235888740?
5
What is the 